*2 + 5*y - 4. Let j be (42/30 + -3)/((-4)/5). Calculate r(j).
-14
Suppose 712*z - 715*z = 15. Let p be (4*(-1)/z)/((-28)/280). Let j(o) = 3*o + 10. What is j(p)?
-14
Let v = -20 + 17. Let m be 4/(-6)*v/(-2). Let d be 24/48*(m + -1). Let j(b) = -5*b + 1. Calculate j(d).
6
Let y(h) = h**3 - 6*h**2 - 23*h - 32. Let n be y(9). Let z(u) = -u**2 + 7*u - 12. Determine z(n).
0
Let z be 548/(-20) - 81/135. Let t(i) = i**3 + 26*i**2 - 58*i - 64. What is t(z)?
-8
Let y be ((-12)/(-48))/(5/(-4 - -144)) + -6. Let m(v) = -28*v**2 + 3*v - 2. What is m(y)?
-27
Suppose 15 - 459 = 147*y - 36*y. Let t(w) = -w**3 + w**2 + 12*w + 9. Calculate t(y).
41
Let u(q) = 20*q + 25. Suppose 314*o + 279 = -274 - 75. Give u(o).
-15
Let f(i) = 11*i**3 - 23*i**2 + 11*i - 27. Let y(r) = 5*r**3 - 11*r**2 + 5*r - 13. Let u(z) = -4*f(z) + 9*y(z). Suppose 6*o + 21 = 9*o. What is u(o)?
-2
Let j(o) = -79 - 4*o + 13*o - 23*o + 73 + 13*o. Let h(i) = -2*i**2 - 2*i + 3. Let z be h(-3). What is j(z)?
3
Let c(v) = 4. Suppose -3*x = -234 + 231. Let q(k) = 4*k - 33. Let r(y) = x*q(y) + 3*c(y). Calculate r(6).
3
Let p(x) = -x**2 + 4*x + 25. Let h be p(7). Let u = -55 - -56. Let f(s) = h - u - 56*s + 109*s - 54*s. Calculate f(0).
3
Suppose 13*a - 47 = 5. Suppose 2*q - a*q = -y - 19, 9 = -3*y. Let p(o) be the first derivative of -o**3/3 + 5*o**2 - 9*o + 2. Determine p(q).
7
Suppose -3*h + 2*k = -27 + 14, 0 = -3*h - 3*k - 12. Let d(u) = -168*u + 4. Give d(h).
-164
Suppose 0 = -0*z - 5*z + 15. Suppose -2*q + z*q = g - 4, -2*q = 4*g - 4. Let n(v) = -4 - 7*v**2 - 3*v + 11*v**2 - 3*v**g. What is n(5)?
6
Let f(x) = x**3 - 13*x**2 - 299*x - 28. Let c be f(25). Let s(l) = -8*l**2 - 16*l. What is s(c)?
-24
Let c(r) = -r**2 + r + 4. Let w(d) = -5. Let z(m) = -3*c(m) - 2*w(m). Let i be (-1 - (0 + -2)) + 13. Suppose 0 = a + 3*p + i, a = p + 2 - 0. What is z(a)?
16
Let o be (-322)/(-10) + 20/(-100). Suppose 14 = 25*k - o*k. Let b(l) = -l + 2*l - 4 - l**2 + 1 - 3*l. What is b(k)?
-3
Let t(m) be the third derivative of -19/24*m**4 + 0 - 2*m**2 - 11*m + 0*m**3. Calculate t(-1).
19
Suppose -37 = 3*l - 255*i + 256*i, -5*i - 53 = 3*l. Let r(n) = -6*n - 49. Calculate r(l).
17
Let y(f) = f**2 + 10*f + 20. Let r be y(-8). Let m be (-3 + 6)*r/(-12). Let i(p) = 3*p - 1 + 4*p + 0*p. Determine i(m).
-8
Let s(d) = -d**3 + 12*d**2 - 11*d - 2. Let b be s(10). Let r be 1/2 - ((-156)/8 + 4). Let z be 2/4 + b/r. Let l(m) = 3*m - 5. Calculate l(z).
13
Let t = -20804 - -20780. Let s(p) = -2*p - 46. Determine s(t).
2
Let j(s) = -7*s + 227. Let f be j(32). Suppose 5*i - 10 = 0, -f*n - 5*i - 8 = -18. Let r(d) = -d**3 + d - 7. What is r(n)?
-7
Let w(z) = 74*z + z**2 - 1 - z**3 - 71*z + 2 + z**2. Let d = 18 - 19. Let i be ((-21)/14)/(d/2). Determine w(i).
1
Let x be (2/(-5))/(4/(-20)). Suppose x + 7 = 3*m. Let t(i) = m*i - i + 3*i - 7*i. Give t(-5).
10
Suppose -3*d - 5*y = -176, 66 = d - y - y. Let z = d - 59. Let k(q) = 5*q**3 - 4*q**z + 50*q - 47*q + 3 - 5*q**2. Determine k(3).
-6
Let p(n) = -2. Let f = 108 + -112. Let m(c) = 3*c - 33. Let q(x) = f*p(x) + m(x). Determine q(11).
8
Let r(d) = 2*d - 6 - 3 - 5. Let u be r(6). Let k(x) = -6*x**3 - 4*x - 6. Let l(v) = v**3 + v + 1. Let y(i) = k(i) + 5*l(i). Give y(u).
5
Let n(q) = -q**3 - 2*q**2 + 2*q - 3. Let o(h) = -2*h**2 + 13*h - 9. Let p = 160 - 242. Let g = p + 88. Let s be o(g). Determine n(s).
0
Suppose 34*v - 37 - 31 = 0. Let c(a) = -a**2 - 7*a + 2. Let z be c(-7). Let f(k) = -4 + 3 + 2*k + z*k. Calculate f(v).
7
Let b(p) be the third derivative of p**6/120 + p**5/30 + p**4/24 + p**3/3 + 5569*p**2. Determine b(0).
2
Let l(p) = -p**3 + 8*p**2 + p - 5. Let v(m) = 2*m - 36. Let z be v(16). Let d be 56/(-12) - z - (-4)/6. Suppose d = -6*s - 12 + 60. Determine l(s).
3
Let v(q) be the first derivative of 20 - 1/8*q**4 + 0*q - 1/90*q**6 + 0*q**2 - 1/24*q**5 + 22/3*q**3. Let x(k) be the third derivative of v(k). What is x(-3)?
-24
Let o be -3*(20/(-15) - -7). Let p(v) = v**3 + 17*v**2 + 4*v + 18. Give p(o).
-50
Let h = 42 + -50. Let b be (0/(h/(-4)))/(1*-2). Suppose 2*p + 9 = x, 5*x + p - 12 = -b*x. Let w(z) = -z**2 + 3*z + 3. What is w(x)?
3
Let v(l) = 6*l + 2. Let u be 3 + 14 + 5 + 2. Suppose -u*x + 30 = -14*x. What is v(x)?
20
Suppose 0 = m - 3*o - 5, -3*m + 5*o + 18 + 5 = 0. Let i(y) be the first derivative of m + 3*y + y**2 + 2/3*y**3. Calculate i(-2).
7
Let b(l) = 1068 + 1075 - 18*l - 2088. Calculate b(4).
-17
Let h(x) = -x + 2. Let m be 5 - 28/6 - (-496)/(-12). Suppose 225 = 4*w + w. Let d = m + w. Determine h(d).
-2
Let m(v) = 5*v**3 + v**2 + v - 3. Let s(k) = -19*k**3 + 3*k**2 + 4*k + 26. Let f(w) = 4*m(w) + s(w). Calculate f(-6).
2
Let c be (-1)/(-1*2 - 90/(-42)). Let r(z) = z**3 + 8*z**2 + 3*z - 10. Give r(c).
18
Let i(w) = -2*w - 52 - 5*w**2 + 6*w**2 - 8 + 11 + 0*w. Determine i(-6).
-1
Let x(v) = -2*v + 3. Suppose -255*n = -260*n + 5. Let t(l) = -5*l + 4. Let i(p) = n*x(p) - t(p). What is i(2)?
5
Let i(f) be the third derivative of f**4/3 - 23*f**3/6 - 41*f**2 - 15. Calculate i(10).
57
Let p(u) = -3643 + 14*u - 49*u + 3573. Give p(-2).
0
Let p(t) = 47*t - 3. Let n(h) = 268*h + 311. Let f(o) = -n(o) + 6*p(o). Give f(24).
7
Let x(m) be the second derivative of -m**5/20 + m**4/6 + 5*m**3/6 + 3*m**2/2 - 230*m. Let j(g) = -g**3 - 24*g**2 + 111*g - 24. Let w be j(-28). Calculate x(w).
-9
Suppose 0 = -6*q + 11*q - 10. Suppose -q*u + 3*u - 3*p = 19, 5*u + 3*p - 5 = 0. Let y(f) = -8*f + 5 - u - f + 5*f. What is y(1)?
-3
Let d(b) = 3*b**2 + 7*b - 71. Let k be 6*(-25)/150 - 5. Determine d(k).
-5
Let l(g) = g + 6. Let n be 801/(-18) - 9/(-6). Let t = n - -39. Let x be t*(4 - 55/20). What is l(x)?
1
Let a(c) = -6*c**3 - 7*c**2 + 11*c + 2. Let k(w) = 5*w**3 + 5*w**2 - 9*w - 2. Let x(t) = -4*a(t) - 5*k(t). What is x(3)?
5
Suppose -w - 4 + 7 = 0. Suppose w*c = 2*l - 2, 0 = -5*l + 3*l - c - 14. Let a(m) be the first derivative of m**2/2 + 7*m + 230. Give a(l).
2
Let l(h) = -7*h + 13868 - h**2 + 10*h - 13829. Give l(8).
-1
Let o(m) be the third derivative of -1/3*m**3 + 0*m + 0 - 7/12*m**4 + 69*m**2. Give o(2).
-30
Let p(v) = 5*v**2 + 28*v - 13. Let h(s) = s**2 + 2*s + 1. Let y(b) = -6*h(b) + p(b). What is y(13)?
20
Let m(y) be the second derivative of -37*y - y**2 + 0 - 5/3*y**3 - 1/20*y**5 + 5/6*y**4. What is m(9)?
-11
Let m(w) = 2 + 63*w + 8 - 2 - 35*w - 34*w - w**2. Suppose v + 5 = 2*v. Let q = v + -11. Determine m(q).
8
Let h(w) = -w - 1. Let c(z) = -6*z + 23. Let j(v) = -c(v) + 5*h(v). Let i be j(26). Let b(n) = -2*n + n**2 - n**3 + 5*n**3 + n - 3*n**3. Give b(i).
-2
Let m(d) = -204*d**2 - 216*d**2 + 4*d - 207*d**2 - 7 + 626*d**2 + 7*d. Determine m(7).
21
Let j(z) = -6*z**3 + z**2. Suppose 2*u - x = 6, 13*x - 9*x = 5*u - 9. Suppose 0 = -2*r + 4, t - u*r + 0 = -9. What is j(t)?
-5
Let w = 4858 - 4856. Let i(o) = -3*o**3 + 2*o**2 + 3*o - 3. Calculate i(w).
-13
Let z(q) = -12*q**2 + 119*q + q**3 + 56 - 45 - 78*q - 11*q**2. Calculate z(21).
-10
Let s(g) = 5*g**2 - 2*g - 1. Let b(r) = 28*r**2 - 33*r + 34. Let x(p) = -b(p) + 5*s(p). Give x(6).
-9
Let y(t) = 6 + 2*t**2 + 18222*t - 18226*t + 3*t**3 - 2*t**3. Calculate y(0).
6
Let f(j) = j**2 - 4*j - 6. Let a = -113 - -159. Let n = a - 40. Determine f(n).
6
Let l(u) be the first derivative of 0*u**3 + u**2 + 162 - u - 41/4*u**4. What is l(1)?
-40
Let m(s) = 5*s**3 + 26*s**2 + 4*s - 3. Let y be m(-5). Let h(w) = -3*w**2 + 4*w - 8. What is h(y)?
-12
Suppose -5*d - 189 = -2*t - 223, 0 = -3*d - 5*t - 23. Let c(n) be the first derivative of -n**4/4 + 4*n**3/3 + 2*n**2 - 1. Determine c(d).
16
Let x(b) = 2*b - 33. Let s be x(19). Let m(n) = 8*n**2 + 7*n + 7 + 3*n**3 - s*n**3 + 3*n**3. What is m(-7)?
7
Let o(x) = x - 2. Let g(f) = 7*f - 21. Let a(y) = 15*y + 115. Let w be a(-8). Let s(u) = w*o(u) + g(u). Determine s(7).
3
Let i(b) be the third derivative of -b**6/120 + b**5/6 - b**4/4 + 65*b**3/6 + 1615*b**2. What is i(10)?
5
Let a(w) = w**3 + 8*w**2 + 10*w + 7. Let g = 2244 + -2253. Give a(g).
-164
Suppose 13*t - 71 + 6 = 0. Let p(w) = 9*w**2 + 3*w - 11. Let a(n) = -4*n**2 - n + 5. Let f(q) = -7*a(q) - 3*p(q). Calculate f(t).
13
Let d(y) = y**3 + 12*y**2 + 4*y + 27. Suppose 64 = -2*i - 5*z, -4*z = 5*i + 122 - 30. What is d(i)?
-21
Let a(f) = 4*f - 2 - 2*f - 4*f - 2*f. Let l = -7109 - -7103. Give a(l).
22
Let l(t) be the second derivative of t**3/3